{"id":1742,"date":"2016-06-07T00:27:23","date_gmt":"2016-06-07T00:27:23","guid":{"rendered":"http:\/\/sandbox.curlythemes.com\/pirouette\/?page_id=1742"},"modified":"2021-09-06T23:45:11","modified_gmt":"2021-09-06T21:45:11","slug":"rooms","status":"publish","type":"page","link":"http:\/\/danseafrolatine.fr\/V2\/?page_id=1742","title":{"rendered":"Rooms"},"content":{"rendered":"[vc_row content_placement=\u00a0\u00bbmiddle\u00a0\u00bb curly_padding=\u00a0\u00bbcontent-padding-lg\u00a0\u00bb css=\u00a0\u00bb.vc_custom_1474889331427{border-bottom-width: 1px !important;border-bottom-color: #f4f4f4 !important;border-bottom-style: solid !important;}\u00a0\u00bb][vc_column width=\u00a0\u00bb1\/2&Prime; offset=\u00a0\u00bbvc_col-sm-offset-1&Prime;][vc_single_image image=\u00a0\u00bb953&Prime; img_size=\u00a0\u00bblarge\u00a0\u00bb style=\u00a0\u00bbimg-frame-large\u00a0\u00bb][vc_single_image image=\u00a0\u00bb2229&Prime; img_size=\u00a0\u00bblarge\u00a0\u00bb style=\u00a0\u00bbimg-frame-large\u00a0\u00bb curly_layer_parallax=\u00a0\u00bbtrue\u00a0\u00bb curly_layer_1_vertical=\u00a0\u00bbtop: 20%\u00a0\u00bb curly_layer_1_horizontal=\u00a0\u00bbleft: -15%\u00a0\u00bb curly_layer_1_ratio=\u00a0\u00bb1&Prime; curly_max_width=\u00a0\u00bb18rem\u00a0\u00bb][\/vc_column][vc_column width=\u00a0\u00bb1\/3&Prime; offset=\u00a0\u00bbvc_col-sm-offset-1&Prime;][vc_column_text]\n<h2 class=\"special-title\"><strong>LE GRAND STUDIO<\/strong><small>DANCE ROOM<\/small><\/h2>\n<p class=\"lead\">Ce studio est agr\u00e9able pour danser. Avec ses deux portes qui donnent sur l&rsquo;ext\u00e9rieur et ses nombreuses fen\u00eatres, vous ne vous sentirez pas les uns sur les autres.<\/p>\n<ul>\n<li>Studio de 200m2<\/li>\n<li>Haut de plafond (5 m\u00e8tres)<\/li>\n<li>Compos\u00e9 de grands miroirs<\/li>\n<\/ul>\n[\/vc_column_text][\/vc_column][\/vc_row][vc_row full_width=\u00a0\u00bbstretch_row\u00a0\u00bb content_placement=\u00a0\u00bbmiddle\u00a0\u00bb curly_padding=\u00a0\u00bbcontent-padding-lg\u00a0\u00bb css=\u00a0\u00bb.vc_custom_1474898246365{border-bottom-width: 1px !important;background-color: #f7f6f6 !important;border-bottom-color: #f4f4f4 !important;border-bottom-style: solid !important;}\u00a0\u00bb][vc_column width=\u00a0\u00bb1\/3&Prime;][vc_column_text]\n<h2 class=\"special-title\"><strong>LE PETIT STUDIO<\/strong><small>DANCE ROOM<\/small><\/h2>\n<p class=\"lead\">Parquet au sol et lumi\u00e8re du jour<\/p>\n<ul>\n<li>Studio de 70m2<\/li>\n<li>Miroirs muraux<\/li>\n<\/ul>\n[\/vc_column_text][\/vc_column][vc_column width=\u00a0\u00bb1\/2&Prime; offset=\u00a0\u00bbvc_col-sm-offset-1&Prime;][vc_single_image image=\u00a0\u00bb2230&Prime; img_size=\u00a0\u00bblarge\u00a0\u00bb style=\u00a0\u00bbimg-frame-large\u00a0\u00bb][vc_single_image image=\u00a0\u00bb2231&Prime; img_size=\u00a0\u00bblarge\u00a0\u00bb style=\u00a0\u00bbimg-frame-large\u00a0\u00bb curly_layer_parallax=\u00a0\u00bbtrue\u00a0\u00bb curly_layer_1_vertical=\u00a0\u00bbtop: 20%\u00a0\u00bb curly_layer_1_horizontal=\u00a0\u00bbright: -15%\u00a0\u00bb curly_max_width=\u00a0\u00bb18rem\u00a0\u00bb curly_layer_1_ratio=\u00a0\u00bb1&Prime;][\/vc_column][\/vc_row][vc_row content_placement=\u00a0\u00bbmiddle\u00a0\u00bb curly_padding=\u00a0\u00bbcontent-padding-lg\u00a0\u00bb css=\u00a0\u00bb.vc_custom_1474893222370{padding-bottom: 15rem !important;}\u00a0\u00bb][vc_column width=\u00a0\u00bb1\/2&Prime; offset=\u00a0\u00bbvc_col-sm-offset-1&Prime;][vc_column_text]\n<h2><strong>Studios du haut\u00a0<\/strong><\/h2>\n<p class=\"lead\">Deux studios de 60m2 avec\u00a0 miroir mural. Lumi\u00e8re du jour, WC, et acc\u00e8s par l&rsquo;ext\u00e9rieur<\/p>\n[\/vc_column_text][vc_empty_space height=\u00a0\u00bb2rem\u00a0\u00bb]<div class='xtd-carousel-mini__container  '><div class='xtd-carousel-mini'><div class='owl-carousel' data-autoplay='true' data-timeout='2000' data-hover='false' data-loop='false' data-dots='true'>[vc_single_image image=\u00a0\u00bb2014&Prime; img_size=\u00a0\u00bbmedium\u00a0\u00bb onclick=\u00a0\u00bblink_image\u00a0\u00bb el_class=\u00a0\u00bbfiltered-image\u00a0\u00bb][vc_single_image image=\u00a0\u00bb2013&Prime; img_size=\u00a0\u00bbmedium\u00a0\u00bb onclick=\u00a0\u00bblink_image\u00a0\u00bb el_class=\u00a0\u00bbfiltered-image\u00a0\u00bb]<\/div><\/div><\/div>[vc_empty_space height=\u00a0\u00bb4rem\u00a0\u00bb][\/vc_column][\/vc_row][vc_row full_width=\u00a0\u00bbstretch_row_content_no_spaces\u00a0\u00bb curly_padding=\u00a0\u00bbcontent-padding-none\u00a0\u00bb css=\u00a0\u00bb.vc_custom_1471445746929{background-color: #656565 !important;}\u00a0\u00bb curly_parallax_parent=\u00a0\u00bbtrue\u00a0\u00bb el_class=\u00a0\u00bbparallax-visible\u00a0\u00bb curly_section_title=\u00a0\u00bbGallery\u00a0\u00bb curly_section_color=\u00a0\u00bbrgba(255,255,255,0.44)\u00a0\u00bb][vc_column css=\u00a0\u00bb.vc_custom_1470068083577{margin-top: -5.1875rem !important;}\u00a0\u00bb curly_parallax_parent=\u00a0\u00bbtrue\u00a0\u00bb]<div class='xtd-carousel-filmstrip__container xtd-carousel-filmstrip--offset-  filtered-image  '><div class='xtd-carousel-filmstrip' data-speed='150000'>[vc_single_image image=\u00a0\u00bb2244&Prime; img_size=\u00a0\u00bblarge\u00a0\u00bb onclick=\u00a0\u00bblink_image\u00a0\u00bb el_class=\u00a0\u00bbtest\u00a0\u00bb][vc_single_image image=\u00a0\u00bb2243&Prime; img_size=\u00a0\u00bblarge\u00a0\u00bb onclick=\u00a0\u00bblink_image\u00a0\u00bb][vc_single_image image=\u00a0\u00bb2240&Prime; img_size=\u00a0\u00bblarge\u00a0\u00bb onclick=\u00a0\u00bblink_image\u00a0\u00bb][vc_single_image image=\u00a0\u00bb2239&Prime; img_size=\u00a0\u00bblarge\u00a0\u00bb][vc_single_image image=\u00a0\u00bb2237&Prime; img_size=\u00a0\u00bblarge\u00a0\u00bb][vc_single_image image=\u00a0\u00bb2236&Prime; img_size=\u00a0\u00bblarge\u00a0\u00bb onclick=\u00a0\u00bblink_image\u00a0\u00bb][vc_single_image image=\u00a0\u00bb2232&Prime; img_size=\u00a0\u00bblarge\u00a0\u00bb][vc_single_image image=\u00a0\u00bb2237&Prime; img_size=\u00a0\u00bblarge\u00a0\u00bb onclick=\u00a0\u00bblink_image\u00a0\u00bb]<\/div><\/div>[\/vc_column][\/vc_row]\n","protected":false},"excerpt":{"rendered":"<p>[vc_row content_placement=\u00a0\u00bbmiddle\u00a0\u00bb curly_padding=\u00a0\u00bbcontent-padding-lg\u00a0\u00bb css=\u00a0\u00bb.vc_custom_1474889331427{border-bottom-width: 1px !important;border-bottom-color: #f4f4f4 !important;border-bottom-style: solid !important;}\u00a0\u00bb][vc_column width=\u00a0\u00bb1\/2&Prime; offset=\u00a0\u00bbvc_col-sm-offset-1&Prime;][vc_single_image image=\u00a0\u00bb953&Prime; img_size=\u00a0\u00bblarge\u00a0\u00bb style=\u00a0\u00bbimg-frame-large\u00a0\u00bb][vc_single_image image=\u00a0\u00bb2229&Prime; img_size=\u00a0\u00bblarge\u00a0\u00bb style=\u00a0\u00bbimg-frame-large\u00a0\u00bb curly_layer_parallax=\u00a0\u00bbtrue\u00a0\u00bb curly_layer_1_vertical=\u00a0\u00bbtop: 20%\u00a0\u00bb curly_layer_1_horizontal=\u00a0\u00bbleft: -15%\u00a0\u00bb curly_layer_1_ratio=\u00a0\u00bb1&Prime; curly_max_width=\u00a0\u00bb18rem\u00a0\u00bb][\/vc_column][vc_column width=\u00a0\u00bb1\/3&Prime; offset=\u00a0\u00bbvc_col-sm-offset-1&Prime;][vc_column_text] LE GRAND STUDIODANCE ROOM Ce studio est agr\u00e9able pour danser. Avec ses deux portes qui donnent sur l&rsquo;ext\u00e9rieur et ses nombreuses fen\u00eatres, vous ne vous sentirez pas les uns sur les autres. Studio [&hellip;]<\/p>\n","protected":false},"author":1,"featured_media":0,"parent":2019,"menu_order":0,"comment_status":"closed","ping_status":"closed","template":"","meta":[],"_links":{"self":[{"href":"http:\/\/danseafrolatine.fr\/V2\/index.php?rest_route=\/wp\/v2\/pages\/1742"}],"collection":[{"href":"http:\/\/danseafrolatine.fr\/V2\/index.php?rest_route=\/wp\/v2\/pages"}],"about":[{"href":"http:\/\/danseafrolatine.fr\/V2\/index.php?rest_route=\/wp\/v2\/types\/page"}],"author":[{"embeddable":true,"href":"http:\/\/danseafrolatine.fr\/V2\/index.php?rest_route=\/wp\/v2\/users\/1"}],"replies":[{"embeddable":true,"href":"http:\/\/danseafrolatine.fr\/V2\/index.php?rest_route=%2Fwp%2Fv2%2Fcomments&post=1742"}],"version-history":[{"count":4,"href":"http:\/\/danseafrolatine.fr\/V2\/index.php?rest_route=\/wp\/v2\/pages\/1742\/revisions"}],"predecessor-version":[{"id":2228,"href":"http:\/\/danseafrolatine.fr\/V2\/index.php?rest_route=\/wp\/v2\/pages\/1742\/revisions\/2228"}],"up":[{"embeddable":true,"href":"http:\/\/danseafrolatine.fr\/V2\/index.php?rest_route=\/wp\/v2\/pages\/2019"}],"wp:attachment":[{"href":"http:\/\/danseafrolatine.fr\/V2\/index.php?rest_route=%2Fwp%2Fv2%2Fmedia&parent=1742"}],"curies":[{"name":"wp","href":"https:\/\/api.w.org\/{rel}","templated":true}]}}