{"id":2061,"date":"2016-11-10T11:42:34","date_gmt":"2016-11-10T11:42:34","guid":{"rendered":"http:\/\/demo.curlythemes.com\/pirouette\/?page_id=2061"},"modified":"2024-07-04T15:03:15","modified_gmt":"2024-07-04T13:03:15","slug":"welcome-2","status":"publish","type":"page","link":"http:\/\/danseafrolatine.fr\/V2\/","title":{"rendered":"Welcome 2"},"content":{"rendered":"[vc_row full_width=\u00a0\u00bbstretch_row\u00a0\u00bb content_placement=\u00a0\u00bbmiddle\u00a0\u00bb curly_padding=\u00a0\u00bbcontent-padding-lg\u00a0\u00bb curly_parallax_parent=\u00a0\u00bbtrue\u00a0\u00bb el_class=\u00a0\u00bbparallax-visible\u00a0\u00bb curly_section_title=\u00a0\u00bbInstructors\u00a0\u00bb][vc_column width=\u00a0\u00bb1\/2&Prime; offset=\u00a0\u00bbvc_col-lg-offset-1&Prime; curly_parallax_parent=\u00a0\u00bbtrue\u00a0\u00bb][vc_column_text]\n<h2 class=\"special-title\"><i>L&rsquo;\u00e9cole des Danses Afro Latines &amp; Urbaines<\/i><\/h2>\n[\/vc_column_text][vc_empty_space height=\u00a0\u00bb2rem\u00a0\u00bb][vc_column_text]\n<p style=\"text-align: justify;\"><span style=\"color: #000000;\"><span style=\"font-weight: 400;\">Nous sommes une <\/span><b>association Loi 1901<\/b><span style=\"font-weight: 400;\">. L\u2019\u00e9cole a ouvert ses portes en<\/span><b>\u00a0septembre 2009<\/b><span style=\"font-weight: 400;\">.<\/span><\/span><\/p>\n<p style=\"text-align: justify;\"><span style=\"color: #000000;\"><span style=\"font-weight: 400;\">\u00a0Nous sommes des passionn\u00e9s de danses latines et africaines, mais aussi des danses dites \u00ab urbaines \u00bb.\u00a0Nous proposons des cours pour les\u00a0<\/span><b>enfants,\u00a0adolescents et adultes<\/b><span style=\"font-weight: 400;\">,\u00a0anim\u00e9s par des\u00a0<\/span><b>professeurs\u00a0exp\u00e9riment\u00e9s<\/b><span style=\"font-weight: 400;\">.<\/span><\/span><\/p>\n<p style=\"text-align: justify;\"><span style=\"font-weight: 400; color: #000000;\">En 2020, l\u2019\u00e9cole comptait plus de 250 adh\u00e9rents.<\/span><\/p>\n<p class=\"lead\" style=\"text-align: justify;\"><span style=\"color: #000000;\"><span style=\"font-weight: 400;\">\u00a0Nous organisons\u00a0<\/span><b>des stages\u00a0mensuels et des soir\u00e9es<\/b><span style=\"font-weight: 400;\">.\u00a0Nous proposons \u00e9galement des\u00a0<\/span><b>cours particuliers et des prestations sur mesure<\/b><span style=\"font-weight: 400;\">\u00a0afin de rythmer vos \u00e9v\u00e9nements priv\u00e9s (enterrements de vie de jeune-fille, soir\u00e9es dansantes \u2026).<\/span><\/span><\/p>\n[\/vc_column_text][\/vc_column][vc_column width=\u00a0\u00bb1\/2&Prime; offset=\u00a0\u00bbvc_col-lg-5 vc_col-md-offset-0&Prime; curly_parallax_parent=\u00a0\u00bbtrue\u00a0\u00bb][vc_single_image image=\u00a0\u00bb2253&Prime; img_size=\u00a0\u00bblarge\u00a0\u00bb style=\u00a0\u00bbimg-frame-large\u00a0\u00bb][\/vc_column][\/vc_row][vc_row full_width=\u00a0\u00bbstretch_row\u00a0\u00bb content_placement=\u00a0\u00bbmiddle\u00a0\u00bb curly_bg_repeat=\u00a0\u00bbbg-no-repeat\u00a0\u00bb curly_bg_position=\u00a0\u00bbbg-pos-center-top\u00a0\u00bb curly_padding=\u00a0\u00bbcontent-padding-none\u00a0\u00bb curly_parallax_parent=\u00a0\u00bbtrue\u00a0\u00bb curly_section_title=\u00a0\u00bbDance Studio\u00a0\u00bb css=\u00a0\u00bb.vc_custom_1631371497133{background-image: url(http:\/\/danseafrolatine.fr\/V2\/wp-content\/uploads\/2021\/09\/Gala-EDAL-2018-4-scaled.jpg?id=2264) !important;background-position: center !important;background-repeat: no-repeat !important;background-size: cover !important;}\u00a0\u00bb el_class=\u00a0\u00bbtest\u00a0\u00bb][vc_column width=\u00a0\u00bb1\/2&Prime; offset=\u00a0\u00bbvc_col-md-7 vc_col-xs-12&Prime; curly_parallax_parent=\u00a0\u00bb\u00a0\u00bb curly_parallax_offset=\u00a0\u00bb\u00a0\u00bb][\/vc_column][vc_column width=\u00a0\u00bb1\/2&Prime; curly_padding=\u00a0\u00bbcontent-padding-lg\u00a0\u00bb offset=\u00a0\u00bbvc_col-lg-5 vc_col-md-4 vc_col-xs-12&Prime; curly_parallax_parent=\u00a0\u00bbtrue\u00a0\u00bb][vc_column_text css=\u00a0\u00bb.vc_custom_1631147444476{padding-top: 1rem !important;padding-right: 4rem !important;padding-bottom: 1rem !important;padding-left: 4rem !important;background-color: #ffffff !important;}\u00a0\u00bb]\n<h2 class=\"special-title\"><i>Notre philosphie\u00a0<\/i><\/h2>\n[\/vc_column_text][vc_empty_space height=\u00a0\u00bb2rem\u00a0\u00bb][vc_column_text css=\u00a0\u00bb.vc_custom_1720097984579{padding-top: 4rem !important;padding-right: 4rem !important;padding-bottom: 4rem !important;padding-left: 4rem !important;background-color: #ffffff !important;}\u00a0\u00bb]<span style=\"color: #000000;\">Nos cours sont ouverts et accessibles \u00e0 tous. A partir de 3 ans, venez danser et partager une passion commune.<\/span><\/p>\n<p><span style=\"color: #000000;\">Entour\u00e9 de\u00a0 professeurs r\u00e9put\u00e9s et p\u00e9dagogues, l&rsquo;\u00e9cole enseigne 15 disciplines multi-styles. Danses de couple, danse seule, urbaine ou non, il y en a pour tous les go\u00fbts et pour tous les \u00e2ges.<\/span>[\/vc_column_text][\/vc_column][\/vc_row][vc_row css=\u00a0\u00bb.vc_custom_1479246614065{padding-bottom: 2rem !important;}\u00a0\u00bb][vc_column css=\u00a0\u00bb.vc_custom_1479246392512{margin-bottom: 0px !important;padding-bottom: 0px !important;}\u00a0\u00bb][vc_column_text css=\u00a0\u00bb.vc_custom_1631020575251{margin-bottom: 0px !important;}\u00a0\u00bb]\n<h2 class=\"special-title\" style=\"text-align: center;\"><strong>Video galerie<\/strong><\/h2>\n[\/vc_column_text][\/vc_column][\/vc_row][vc_row content_placement=\u00a0\u00bbbottom\u00a0\u00bb css=\u00a0\u00bb.vc_custom_1479246755414{padding-top: 0px !important;padding-bottom: 14rem !important;}\u00a0\u00bb][vc_column width=\u00a0\u00bb1\/3&Prime;][vc_video link=\u00a0\u00bbhttps:\/\/www.youtube.com\/watch?v=aRRXX9Z7ktY\u00a0\u00bb css=\u00a0\u00bb.vc_custom_1630853531262{margin-bottom: 0px !important;}\u00a0\u00bb][\/vc_column][vc_column width=\u00a0\u00bb1\/3&Prime;][vc_video link=\u00a0\u00bbhttps:\/\/www.youtube.com\/watch?v=5vL9AcFkSyg\u00a0\u00bb css=\u00a0\u00bb.vc_custom_1630853552490{margin-bottom: 0px !important;}\u00a0\u00bb][\/vc_column][vc_column width=\u00a0\u00bb1\/3&Prime;][vc_video link=\u00a0\u00bbhttps:\/\/www.youtube.com\/watch?v=520Ms_LMppA\u00a0\u00bb css=\u00a0\u00bb.vc_custom_1630853579344{margin-bottom: 0px !important;}\u00a0\u00bb][\/vc_column][vc_column width=\u00a0\u00bb1\/3&Prime; offset=\u00a0\u00bbvc_col-sm-offset-2&Prime;][vc_video link=\u00a0\u00bbhttps:\/\/www.youtube.com\/watch?v=L_N9FpL6jUw\u00a0\u00bb css=\u00a0\u00bb.vc_custom_1630853603900{margin-bottom: 0px !important;}\u00a0\u00bb][\/vc_column][vc_column width=\u00a0\u00bb1\/3&Prime;][vc_video link=\u00a0\u00bbhttps:\/\/www.youtube.com\/watch?v=l8LiPxt6rgQ\u00a0\u00bb css=\u00a0\u00bb.vc_custom_1630853721091{margin-bottom: 0px !important;}\u00a0\u00bb][\/vc_column][\/vc_row][vc_row full_width=\u00a0\u00bbstretch_row_content_no_spaces\u00a0\u00bb curly_padding=\u00a0\u00bbcontent-padding-none\u00a0\u00bb css=\u00a0\u00bb.vc_custom_1471445746929{background-color: #656565 !important;}\u00a0\u00bb curly_parallax_parent=\u00a0\u00bbtrue\u00a0\u00bb el_class=\u00a0\u00bbparallax-visible\u00a0\u00bb curly_section_title=\u00a0\u00bbGallery\u00a0\u00bb curly_section_color=\u00a0\u00bbrgba(255,255,255,0.44)\u00a0\u00bb][vc_column css=\u00a0\u00bb.vc_custom_1470068083577{margin-top: -5.1875rem !important;}\u00a0\u00bb curly_parallax_parent=\u00a0\u00bbtrue\u00a0\u00bb]<div class='xtd-carousel-filmstrip__container xtd-carousel-filmstrip--offset-  filtered-image  '><div class='xtd-carousel-filmstrip' data-speed='150000'>[vc_single_image image=\u00a0\u00bb2156&Prime; img_size=\u00a0\u00bblarge\u00a0\u00bb onclick=\u00a0\u00bblink_image\u00a0\u00bb el_class=\u00a0\u00bbtest\u00a0\u00bb][vc_single_image image=\u00a0\u00bb2160&Prime; img_size=\u00a0\u00bblarge\u00a0\u00bb onclick=\u00a0\u00bblink_image\u00a0\u00bb][vc_single_image image=\u00a0\u00bb2154&Prime; img_size=\u00a0\u00bblarge\u00a0\u00bb onclick=\u00a0\u00bblink_image\u00a0\u00bb][vc_single_image image=\u00a0\u00bb2155&Prime; img_size=\u00a0\u00bblarge\u00a0\u00bb][vc_single_image image=\u00a0\u00bb2159&Prime; img_size=\u00a0\u00bblarge\u00a0\u00bb][vc_single_image image=\u00a0\u00bb2165&Prime; img_size=\u00a0\u00bblarge\u00a0\u00bb onclick=\u00a0\u00bblink_image\u00a0\u00bb][vc_single_image image=\u00a0\u00bb2163&Prime; img_size=\u00a0\u00bblarge\u00a0\u00bb][vc_single_image image=\u00a0\u00bb2164&Prime; img_size=\u00a0\u00bblarge\u00a0\u00bb onclick=\u00a0\u00bblink_image\u00a0\u00bb]<\/div><\/div>[vc_empty_space height=\u00a0\u00bb8rem\u00a0\u00bb][\/vc_column][\/vc_row]\n","protected":false},"excerpt":{"rendered":"<p>[vc_row full_width=\u00a0\u00bbstretch_row\u00a0\u00bb content_placement=\u00a0\u00bbmiddle\u00a0\u00bb curly_padding=\u00a0\u00bbcontent-padding-lg\u00a0\u00bb curly_parallax_parent=\u00a0\u00bbtrue\u00a0\u00bb el_class=\u00a0\u00bbparallax-visible\u00a0\u00bb curly_section_title=\u00a0\u00bbInstructors\u00a0\u00bb][vc_column width=\u00a0\u00bb1\/2&Prime; offset=\u00a0\u00bbvc_col-lg-offset-1&Prime; curly_parallax_parent=\u00a0\u00bbtrue\u00a0\u00bb][vc_column_text] L&rsquo;\u00e9cole des Danses Afro Latines &amp; Urbaines [\/vc_column_text][vc_empty_space height=\u00a0\u00bb2rem\u00a0\u00bb][vc_column_text] Nous sommes une association Loi 1901. L\u2019\u00e9cole a ouvert ses portes en\u00a0septembre 2009. \u00a0Nous sommes des passionn\u00e9s de danses latines et africaines, mais aussi des danses dites \u00ab urbaines \u00bb.\u00a0Nous proposons des cours pour les\u00a0enfants,\u00a0adolescents et adultes,\u00a0anim\u00e9s par des\u00a0professeurs\u00a0exp\u00e9riment\u00e9s. En 2020, [&hellip;]<\/p>\n","protected":false},"author":1,"featured_media":0,"parent":0,"menu_order":0,"comment_status":"closed","ping_status":"closed","template":"","meta":[],"_links":{"self":[{"href":"http:\/\/danseafrolatine.fr\/V2\/index.php?rest_route=\/wp\/v2\/pages\/2061"}],"collection":[{"href":"http:\/\/danseafrolatine.fr\/V2\/index.php?rest_route=\/wp\/v2\/pages"}],"about":[{"href":"http:\/\/danseafrolatine.fr\/V2\/index.php?rest_route=\/wp\/v2\/types\/page"}],"author":[{"embeddable":true,"href":"http:\/\/danseafrolatine.fr\/V2\/index.php?rest_route=\/wp\/v2\/users\/1"}],"replies":[{"embeddable":true,"href":"http:\/\/danseafrolatine.fr\/V2\/index.php?rest_route=%2Fwp%2Fv2%2Fcomments&post=2061"}],"version-history":[{"count":27,"href":"http:\/\/danseafrolatine.fr\/V2\/index.php?rest_route=\/wp\/v2\/pages\/2061\/revisions"}],"predecessor-version":[{"id":2675,"href":"http:\/\/danseafrolatine.fr\/V2\/index.php?rest_route=\/wp\/v2\/pages\/2061\/revisions\/2675"}],"wp:attachment":[{"href":"http:\/\/danseafrolatine.fr\/V2\/index.php?rest_route=%2Fwp%2Fv2%2Fmedia&parent=2061"}],"curies":[{"name":"wp","href":"https:\/\/api.w.org\/{rel}","templated":true}]}}