{"id":2445,"date":"2021-09-18T14:46:08","date_gmt":"2021-09-18T12:46:08","guid":{"rendered":"http:\/\/danseafrolatine.fr\/V2\/?page_id=2445"},"modified":"2025-08-24T11:11:56","modified_gmt":"2025-08-24T09:11:56","slug":"soirees-dansantes","status":"publish","type":"page","link":"http:\/\/danseafrolatine.fr\/V2\/?page_id=2445","title":{"rendered":"FESTIVAL AFRO LATINO"},"content":{"rendered":"[vc_row][vc_column width=\u00a0\u00bb1\/2&Prime;][vc_single_image image=\u00a0\u00bb2737&Prime; img_size=\u00a0\u00bblarge\u00a0\u00bb][vc_column_text]\ud83d\udd37 Le Festival Afro Latino de Meaux \ud83d\udd37<br \/>\n\ud83d\udd37 \ud83d\udd37 \ud83d\udd37 \ud83d\udd37 8e Edition \ud83d\udd37 \ud83d\udd37 \ud83d\udd37 \ud83d\udd37<\/p>\n<p>\ud83d\udea8 SAVE THE DATE 07\/08\/09 NOVEMBRE 25\ud83d\udea8<\/p>\n<p>Du Vendredi 07\/11\/2025 au Dimanche 09\/11\/2025<\/p>\n<p>Envie de vous amuser \ud83c\udf89 , apprendre ou vous perfectionner aux danses Afro-Latines, faire de nouvelles connaissances\u2026<\/p>\n<p>Vous \u00eates au bon endroit, venez vous d\u00e9fouler. Un festival \u00e0 taille humaine, festif &amp; conviviale.<\/p>\n<p>\u2514 \ud835\ude3d\ud835\ude5e\ud835\ude61\ud835\ude61\ud835\ude5a\ud835\ude69\ud835\ude69\ud835\ude5a\ud835\ude67\ud835\ude5e\ud835\ude5a \u2510<br \/>\nhttps:\/\/www.keri-studio.com\/d-tails-et-inscription\/festival-afro-latino-de-meaux<\/p>\n<p>\ud83d\udd57 Une Line Up de folie, cours de danses \ud83d\udc83\ud83d\udd7a,<\/p>\n<p>3 soir\u00e9es dansantes, 3 salles\/3 ambiances, des Shows, \ud83c\udf54\ud83c\udf5f Food truck &amp; Traiteurs sur place pour votre plus grand confort \ud83c\udf2f\ud83e\uddc7 des exposants tout le long du week end<\/p>\n<p>\ud83d\udca5 1 salle de danse \u00ab Social \u00bb pour vous retrouver, danser, vous restaurer \u2728<\/p>\n<p>\u2b50\ufe0f PARTIES | WORKSHOPS | FIESTA | ALEGRIA<\/p>\n<p>\u2714\ufe0f Teachers of quality<br \/>\n\u2714\ufe0f Workshops<br \/>\n\u2714\ufe0f 1 Social Room<br \/>\n\u2714\ufe0fSalsa : Son \/ Timba \/ Rueda \/ Rumba \/ ChaChaCha \/ Casino \/ Estillo \/ Mambo<br \/>\n\u2714\ufe0fBachata : Moderna \/ Sensual \/ Dominicana \/ Fusion \/ Bachata Zouk<br \/>\n\u2714\ufe0fKizomba : Urban-Kiz \/ Tradi \/ Semba<br \/>\n\u2714\ufe0fDj&rsquo;s Salsa \/ Bachata \/ Kizomba<\/p>\n<p>\ud835\udd39\ud835\udd5a\ud835\udd5d\ud835\udd5d\ud835\udd56\ud835\udd65\ud835\udd65\ud835\udd56\ud835\udd63\ud835\udd5a\ud835\udd56 \ud83d\udd37 <a href=\"https:\/\/www.keri-studio.com\/d-tails-et-inscription\/festival-afro-latino-de-meaux\">https:\/\/www.keri-studio.com\/d-tails-et-inscription\/festival-afro-latino-de-meaux<\/a><\/p>\n<p>\u2b50\ufe0fLINE UP DJs \u2b50\ufe0f<br \/>\n\ud83c\udfa7 DJ WILLO<br \/>\n\ud83c\udfa7 DJ PASTAGUERO<br \/>\n\ud83c\udfa7 DJ CHANCHAN<br \/>\n\ud83c\udfa7 DJ TOM NKA<br \/>\n\ud83c\udfa7 DJ TOVO<br \/>\n\ud83c\udfa7 DJ KEV K<br \/>\n\ud83c\udfa7 DJ PHILL<br \/>\n\ud83c\udfa7 DJ MO<br \/>\n\ud83c\udfa7 DJ KARIM<br \/>\n\ud83c\udfa7 DJ GIORGIO ROD<br \/>\n\ud83c\udfa7 DJ CHAD<br \/>\n\ud83c\udfa7 DJ RICO<\/p>\n<p>\u2b50\ufe0f LINE UP DANCERS \u2b50\ufe0f<br \/>\n\u2666\ufe0fTONY PIRATA (Confirm\u00e9)<br \/>\n\u2666\ufe0fESPERANCE (Confirm\u00e9)<br \/>\n\u2666\ufe0fJOSUE KIZAFRO (Confirm\u00e9)<br \/>\n\u2666\ufe0fYAYA (Confirm\u00e9)<br \/>\n\u2666\ufe0fJORGE &amp; INDIRA (Confirm\u00e9)<br \/>\n\u2666\ufe0fJIMI JACKS (Confirm\u00e9)<br \/>\n\u2666\ufe0fCARLITO ZUMA (Confirm\u00e9)<br \/>\n\u2666\ufe0fYDEL GOMEZ (Confirm\u00e9)<br \/>\n\u2666\ufe0fHAROLD (Confirm\u00e9)<br \/>\n\u2666\ufe0fALEX LIMA (Confirm\u00e9)<br \/>\n\u2666\ufe0fANITA &amp; VAREA (Confirm\u00e9)<br \/>\n\u2666\ufe0fORNELLA &amp; PIKA (Confirm\u00e9)<br \/>\n\u2666\ufe0fJADE &amp; JEREMY (Confirm\u00e9)<br \/>\n\u2666\ufe0fWILL MP (Confirm\u00e9)<br \/>\n\u2666\ufe0fAUDE AIME (Confirm\u00e9)<br \/>\n\u2666\ufe0fTIMOTHE FOURNIER (Confirm\u00e9)<br \/>\n\u2666\ufe0fWINDYE et STEEVE (Confirm\u00e9)<br \/>\n\u2666\ufe0fd&rsquo;autres \u00e0 venir<\/p>\n<p>\u2b50\ufe0fNOTRE MERVEILLEUX SPEAKER ROBERTO BURGOS\u2b50\ufe0f<\/p>\n<p>\u2b50\ufe0f PHOTOGRAPHERS \u2b50\ufe0f<br \/>\n\ud83d\udcf8\ud83c\udfa5 Votre Vie en Mouvements<br \/>\nAvec Sebastien &amp; Stephan<br \/>\n\ud83d\udcf8 d&rsquo;autres \u00e0 venir<\/p>\n<p>\u2119\u211d\ud835\udd46\ud835\udd3e\u211d\ud835\udd38\ud835\udd44\ud835\udd44\ud835\udd3c \ud83d\udca5\ud83d\udca5\ud83d\udca5\ud83d\udca5\ud83d\udca5\ud83d\udca5\ud83d\udca5<br \/>\n19h ouverture des portes<br \/>\n20h 2 cours en simultan\u00e9 avec vos artistes<br \/>\n21h d\u00e9but de soir\u00e9e avec 2 salles 2 ambiances<br \/>\n23h00 vos artistes font leur show<br \/>\n00h soir\u00e9e avec 3 salles 3 ambiances<\/p>\n<p>* le PASS SOIREE comprend :<br \/>\ncours + show + soir\u00e9e \ud83e\udd73\ud83e\udd73\ud83e\udd73<\/p>\n<p>******************************************<\/p>\n<p>\ud83d\udec1 HOT SHOWERS \ud83d\udec1<br \/>\n\ud83d\udd37 Possibility to take shower after workshops<\/p>\n<p>\ud83d\ude95 COVOITURAGE \ud83d\ude95<br \/>\n\ud83d\udd37 <a href=\"https:\/\/www.facebook.com\/groups\/1338905143506190\/\">https:\/\/www.facebook.com\/groups\/1338905143506190\/<\/a><\/p>\n<p>\ud83d\udc68\u200d\ud83d\udc69\u200d\ud83d\udc66 HOTEL \ud83d\udc68\u200d\ud83d\udc69\u200d\ud83d\udc66 5 mn \u00e0 pied<br \/>\n\ud83d\udd37 H\u00f4tel Kyriad 0160239977<br \/>\n\ud83d\udd37 H\u00f4tel 1ere Classe 0160230480<\/p>\n<p>\ud83c\udf7d FOOD \ud83c\udf7d<br \/>\n\ud83d\udd37 STEVEN Traiteur Asiatique<br \/>\n\ud83d\udd37 ZEPIZZ CHEZ ZE Pizza<br \/>\n\ud83d\udd37 \u00e0 venir<\/p>\n<p>STANDS<br \/>\n\ud83d\udd37 EDNA Couture par Edwina<br \/>\n\ud83d\udd37 SDD<br \/>\n\ud83d\udd37 \u00e0 venir<\/p>\n<p>SERVICE MASSAGE<br \/>\n\ud83d\udd37 avec WELLDONE MOVE by C\u00e9line<\/p>\n<p>\ud83c\udf79 BAR \ud83c\udf79<br \/>\n\ud83d\udd37 BIERES<br \/>\n\ud83d\udd37 SOFT DRINK<br \/>\n\ud83d\udd37 COFFEE<\/p>\n<p>\ud83d\uded2 BUY YOUR TICKET \ud83d\uded2<br \/>\n\ud83d\udd37 <a href=\"https:\/\/www.keri-studio.com\/d-tails-et-inscription\/festival-afro-latino-de-meaux\">https:\/\/www.keri-studio.com\/d-tails-et-inscription\/festival-afro-latino-de-meaux<\/a><\/p>\n<p>\ud83d\ude01TA PHOTO DE PROFIL\ud83d\ude03<br \/>\n\ud83d\udd37\u00e0 venir<\/p>\n<p>\u2514 \ud835\udddc\ud835\uddfb\ud835\ude00\ud835\ude01\ud835\uddee\ud835\uddf4\ud835\uddff\ud835\uddee\ud835\uddfa\u2510<br \/>\n<a href=\"https:\/\/www.instagram.com\/festivalafrolatinodemeaux?igsh=YWhrZ3BiODBoZ3o%3D&amp;utm_source=qr\">https:\/\/www.instagram.com\/festivalafrolatinodemeaux?igsh=YWhrZ3BiODBoZ3o%3D&amp;utm_source=qr<\/a><\/p>\n<p>******************************************<\/p>\n<p>Lieu \ud83c\udf3a 7 Avenue Fridingen, 77100 Nanteuil-l\u00e8s-Meaux, France[\/vc_column_text][\/vc_column][vc_column width=\u00a0\u00bb1\/2&Prime;][vc_gallery type=\u00a0\u00bbflexslider_slide\u00a0\u00bb interval=\u00a0\u00bb3&Prime; images=\u00a0\u00bb2738,2739&Prime; img_size=\u00a0\u00bblarge\u00a0\u00bb title=\u00a0\u00bbVotre programme\u00a0\u00bb][vc_cta h2=\u00a0\u00bbPrend ta place ici !\u00a0\u00bb]https:\/\/www.keri-studio.com\/d-tails-et-inscription\/festival-afro-latino-de-meaux[\/vc_cta][vc_gallery type=\u00a0\u00bbflexslider_slide\u00a0\u00bb interval=\u00a0\u00bb3&Prime; images=\u00a0\u00bb2663,2662,2661,2660,2659,2764,2775,2743,2762,2770,2742,2744,2760,2774,2779,2769,2765,2768,2763,2761,2745,2766,2759,2772,2771,2778,2777,2746,2752,2751,2750,2749,2748,2747,2758,2757,2756,2755,2754,2753&Prime; img_size=\u00a0\u00bblarge\u00a0\u00bb][\/vc_column][\/vc_row]\n","protected":false},"excerpt":{"rendered":"<p>[vc_row][vc_column width=\u00a0\u00bb1\/2&Prime;][vc_single_image image=\u00a0\u00bb2737&Prime; img_size=\u00a0\u00bblarge\u00a0\u00bb][vc_column_text]\ud83d\udd37 Le Festival Afro Latino de Meaux \ud83d\udd37 \ud83d\udd37 \ud83d\udd37 \ud83d\udd37 \ud83d\udd37 8e Edition \ud83d\udd37 \ud83d\udd37 \ud83d\udd37 \ud83d\udd37 \ud83d\udea8 SAVE THE DATE 07\/08\/09 NOVEMBRE 25\ud83d\udea8 Du Vendredi 07\/11\/2025 au Dimanche 09\/11\/2025 Envie de vous amuser \ud83c\udf89 , apprendre ou vous perfectionner aux danses Afro-Latines, faire de nouvelles connaissances\u2026 Vous \u00eates au bon endroit, venez vous d\u00e9fouler. Un [&hellip;]<\/p>\n","protected":false},"author":1,"featured_media":0,"parent":0,"menu_order":0,"comment_status":"closed","ping_status":"closed","template":"","meta":[],"_links":{"self":[{"href":"http:\/\/danseafrolatine.fr\/V2\/index.php?rest_route=\/wp\/v2\/pages\/2445"}],"collection":[{"href":"http:\/\/danseafrolatine.fr\/V2\/index.php?rest_route=\/wp\/v2\/pages"}],"about":[{"href":"http:\/\/danseafrolatine.fr\/V2\/index.php?rest_route=\/wp\/v2\/types\/page"}],"author":[{"embeddable":true,"href":"http:\/\/danseafrolatine.fr\/V2\/index.php?rest_route=\/wp\/v2\/users\/1"}],"replies":[{"embeddable":true,"href":"http:\/\/danseafrolatine.fr\/V2\/index.php?rest_route=%2Fwp%2Fv2%2Fcomments&post=2445"}],"version-history":[{"count":19,"href":"http:\/\/danseafrolatine.fr\/V2\/index.php?rest_route=\/wp\/v2\/pages\/2445\/revisions"}],"predecessor-version":[{"id":2458,"href":"http:\/\/danseafrolatine.fr\/V2\/index.php?rest_route=\/wp\/v2\/pages\/2445\/revisions\/2458"}],"wp:attachment":[{"href":"http:\/\/danseafrolatine.fr\/V2\/index.php?rest_route=%2Fwp%2Fv2%2Fmedia&parent=2445"}],"curies":[{"name":"wp","href":"https:\/\/api.w.org\/{rel}","templated":true}]}}