{"id":694,"date":"2020-08-20T14:42:38","date_gmt":"2020-08-20T12:42:38","guid":{"rendered":"http:\/\/danseafrolatine.fr\/V2\/?page_id=694"},"modified":"2025-08-23T11:13:56","modified_gmt":"2025-08-23T09:13:56","slug":"tarifs","status":"publish","type":"page","link":"http:\/\/danseafrolatine.fr\/V2\/?page_id=694","title":{"rendered":"Tarifs"},"content":{"rendered":"[vc_row][vc_column][vc_single_image image=\u00a0\u00bb2705&Prime; img_size=\u00a0\u00bblarge\u00a0\u00bb alignment=\u00a0\u00bbcenter\u00a0\u00bb onclick=\u00a0\u00bblink_image\u00a0\u00bb][\/vc_column][\/vc_row][vc_row][vc_column][vc_column_text]<span style=\"color: #000000;\">* Tarifs r\u00e9duits : &#8211; de 18 ans, \u00e9tudiants, ch\u00f4meurs (l\u2019Ecole est autoris\u00e9e \u00e0 vous demander des justificatifs)<\/span>[\/vc_column_text][\/vc_column][\/vc_row][vc_row][vc_column][vc_column_text]\n<h3><span style=\"color: #000000;\">MODALITES DE PAIEMENT<\/span><\/h3>\n[\/vc_column_text][vc_column_text]<span style=\"color: #000000;\"><strong>Vous pouvez simplement r\u00e9gler en ligne par carte bancaire via le lien suivant :\u00a0<\/strong><br \/>\n(\u00c0 VENIR)<\/span><\/p>\n<p><strong>Ou payer directement \u00e0 l&rsquo;accueil de l&rsquo;Ecole par :<\/strong><br \/>\nCh\u00e8que(s) \u00e0 l\u2019ordre de l\u2019Association NGAMB\u2019ART (possibilit\u00e9 de paiement en trois fois)<br \/>\n<span style=\"color: #000000;\">&#8211; Esp\u00e8ces (paiement de l\u2019int\u00e9gralit\u00e9 du montant d\u00fb en une seule fois)\u00a0<\/span><br \/>\n<span style=\"color: #000000;\">&#8211; Ch\u00e8ques Vacances et Ch\u00e8ques ANCV<br \/>\n<\/span>[\/vc_column_text][\/vc_column][\/vc_row]\n","protected":false},"excerpt":{"rendered":"<p>[vc_row][vc_column][vc_single_image image=\u00a0\u00bb2705&Prime; img_size=\u00a0\u00bblarge\u00a0\u00bb alignment=\u00a0\u00bbcenter\u00a0\u00bb onclick=\u00a0\u00bblink_image\u00a0\u00bb][\/vc_column][\/vc_row][vc_row][vc_column][vc_column_text]* Tarifs r\u00e9duits : &#8211; de 18 ans, \u00e9tudiants, ch\u00f4meurs (l\u2019Ecole est autoris\u00e9e \u00e0 vous demander des justificatifs)[\/vc_column_text][\/vc_column][\/vc_row][vc_row][vc_column][vc_column_text] MODALITES DE PAIEMENT [\/vc_column_text][vc_column_text]Vous pouvez simplement r\u00e9gler en ligne par carte bancaire via le lien suivant :\u00a0 (\u00c0 VENIR) Ou payer directement \u00e0 l&rsquo;accueil de l&rsquo;Ecole par : Ch\u00e8que(s) \u00e0 l\u2019ordre de l\u2019Association NGAMB\u2019ART (possibilit\u00e9 de paiement en [&hellip;]<\/p>\n","protected":false},"author":1,"featured_media":0,"parent":0,"menu_order":0,"comment_status":"closed","ping_status":"closed","template":"","meta":[],"_links":{"self":[{"href":"http:\/\/danseafrolatine.fr\/V2\/index.php?rest_route=\/wp\/v2\/pages\/694"}],"collection":[{"href":"http:\/\/danseafrolatine.fr\/V2\/index.php?rest_route=\/wp\/v2\/pages"}],"about":[{"href":"http:\/\/danseafrolatine.fr\/V2\/index.php?rest_route=\/wp\/v2\/types\/page"}],"author":[{"embeddable":true,"href":"http:\/\/danseafrolatine.fr\/V2\/index.php?rest_route=\/wp\/v2\/users\/1"}],"replies":[{"embeddable":true,"href":"http:\/\/danseafrolatine.fr\/V2\/index.php?rest_route=%2Fwp%2Fv2%2Fcomments&post=694"}],"version-history":[{"count":16,"href":"http:\/\/danseafrolatine.fr\/V2\/index.php?rest_route=\/wp\/v2\/pages\/694\/revisions"}],"predecessor-version":[{"id":2706,"href":"http:\/\/danseafrolatine.fr\/V2\/index.php?rest_route=\/wp\/v2\/pages\/694\/revisions\/2706"}],"wp:attachment":[{"href":"http:\/\/danseafrolatine.fr\/V2\/index.php?rest_route=%2Fwp%2Fv2%2Fmedia&parent=694"}],"curies":[{"name":"wp","href":"https:\/\/api.w.org\/{rel}","templated":true}]}}